Let b be -4 - -5 - -2 - 9. Let p be s(b). Suppose -k - 52 = -2*d + k, 3*k + p = 0. What is the tens digit of d?
2
Let c(i) = 25*i + 3. Suppose 0*m + 2*m - 5*q = 16, -4*m = -4*q - 20. What is the units digit of c(m)?
8
Suppose -l - 3*w = 5 + 1, 0 = -3*l - 2*w + 3. Suppose -685 + 124 = -l*v. What is the units digit of v?
7
Suppose -11*m + 21735 + 11947 = 0. What is the hundreds digit of m?
0
Let s = -71 - -164. Let a = -10 + s. What is the tens digit of a?
8
Suppose -5*b + 31 = 451. Let i be (432/b)/((-1)/7). Let u = 50 - i. What is the units digit of u?
4
Suppose 113*q = 139*q - 102726. What is the units digit of q?
1
Let t be 2/16*2 - (-2138)/(-8). Let f = -165 - t. What is the units digit of f?
2
Let y(m) = 22*m**2 - 36*m - 102. What is the tens digit of y(-9)?
0
Let g(k) = k**2 + 3*k + 1. Suppose -5*j = -0*j. Suppose -2*v + j*v - 8 = 0. What is the units digit of g(v)?
5
Suppose 0 = 20*v - 4336 - 4964. What is the units digit of v?
5
Let p be 13 - 13 - (-10)/2. Let v be (-15)/p*(1 - 2). Suppose -v*i + 8 = i. What is the units digit of i?
2
Let p(s) = -s**2 + s + 2. Let u be p(-4). What is the tens digit of (-616)/u + (-8)/36?
3
Suppose h + 2*n - 18 = 29, -4*h - 5*n + 173 = 0. What is the units digit of h?
7
Suppose 30 = 2*w - 2*l - 2*l, 0 = -w - 4*l + 27. Suppose i + w + 9 = j, 5*j - 4*i - 139 = 0. What is the tens digit of j?
2
Let i = 118 + -118. Suppose 7*j - 5*u + 1185 = 12*j, -5*u = i. What is the tens digit of j?
3
Let r = 25 - 21. Suppose -2*b - 72 = -r*x, 0*x - 3*b = 2*x - 20. What is the tens digit of x?
1
What is the thousands digit of (-1 - 8 - -2) + 3026?
3
Let w(d) = -d**3 + 9*d**2 - 2*d + 13. Let r be w(9). What is the tens digit of (-6)/(10/24*1/r)?
7
Let o = -2806 + 4539. What is the hundreds digit of o?
7
Let j be (2 - (-2 - 73)) + 3. Suppose -4*k + 16 = 4*y - 8, -3*y + 11 = -4*k. Suppose 0 = -y*v - 4*s + j, -15 = -2*s + 5*s. What is the tens digit of v?
2
Suppose -8*k + 5*k = -9, k + 351 = 3*o. What is the units digit of o?
8
Let m = -194 - -432. Suppose m = 5*g - 112. Suppose g = u + u. What is the tens digit of u?
3
Let p = -1119 - -3366. What is the units digit of p?
7
Let k(c) = 8*c + 3224. What is the tens digit of k(0)?
2
Let v(o) = -4*o + 1. Let b be v(-1). Suppose -20 = -b*w, -3*w + 2*w - 110 = -3*y. Suppose y = 4*d - 78. What is the units digit of d?
9
Suppose -2*m = -5*m + 75. Let j be (-9)/(-18) - m/(-2). Suppose h - j = 44. What is the tens digit of h?
5
Let x be 20/(-6)*6/5. What is the units digit of x/(-2)*2/(10/305)?
2
Suppose g + h = 110, -3*g + 358 = -5*h - 12. Let w = 157 - g. What is the units digit of w?
2
Suppose 0 = o - 5 + 3. Suppose 3*x + 3*i + 4 = 5*i, 5*x = o*i. What is the tens digit of (-3 + 25/x)*4?
3
Let o be (-2 - (-4)/8)*(-12)/9. What is the units digit of (o/(-2) - -4) + 16/1?
9
Let q(c) = 47*c**2 + 3*c + 25. What is the thousands digit of q(-5)?
1
Let r(v) = -v - 21. Let u(o) = o + 10. Let t(n) = -2*r(n) - 5*u(n). Let y be t(-5). What is the units digit of y*(-3 + (-78)/(-14))?
8
Let p(w) = 9*w**3 + 3*w**2 - 4. What is the tens digit of p(3)?
6
Suppose -3*z + 1 = -d, -d = -5*d + 4*z - 4. What is the tens digit of ((-203)/(-28))/(d/(-12))?
8
Let b(x) = x - 9. Let p be b(12). Suppose 0 = -p*g + 41 + 136. Let y = g - 28. What is the tens digit of y?
3
Let b(z) = 33*z - 41. What is the units digit of b(14)?
1
Suppose 5*s - 6336 = 7309. What is the thousands digit of s?
2
Let h = -1804 - -5267. What is the units digit of h?
3
What is the hundreds digit of 1/3*1391 - (-288)/216?
4
Let t be 4/12*21 + -2. Suppose 0 = -t*s + 3*s + 10. Suppose -3*l - 34 = -2*g, -2*g - g = s*l - 89. What is the units digit of g?
3
Suppose 272 = a - 4*f - 0, 589 = 2*a + f. What is the tens digit of a?
9
Let f(b) = -10*b - 5. Let a be f(-1). Suppose -2*l + 506 = 3*u, a*u - 842 = -2*l - 2*l. What is the units digit of u?
0
Let l(t) = t**3 - 4*t**2 - 3*t - 10. Let r = 33 - 27. What is the tens digit of l(r)?
4
Suppose 2*m = -3*g + 7653, 12*m = 13*m - 3*g - 3831. What is the units digit of m?
8
Let b(c) = 2*c**2 - 5*c + 28. Let r be b(-10). Suppose -3*d + 5*a = -4*d + 278, d + 2*a = r. What is the tens digit of d?
7
Let s be (-456)/(-28) - (-4)/(-14). Let r(h) = h**3 - 17*h**2 + 19*h + 5. Let u(g) = g + 1. Let i(c) = r(c) - 3*u(c). What is the units digit of i(s)?
2
Let o = 2723 + -354. What is the tens digit of o?
6
Let g be (-39)/(-65) - (-166)/(-10). What is the units digit of g/4 + -1 + 1 + 188?
4
Let i be ((-1)/2)/(8/416). Let m(v) = -v**2 - 7*v + 10. Let c be m(-8). What is the tens digit of c/2*(27 - i)?
5
Suppose -f - x + 400 = 3*f, 3*f - 3*x - 315 = 0. Suppose 5*b - 99 = f. What is the units digit of b?
0
Let o(k) = 23*k**2 + 13*k - 1. What is the hundreds digit of o(-7)?
0
Let t(d) = 172*d**2 + d + 1. Let w be t(1). What is the tens digit of ((200/(-15))/10)/((-2)/w)?
1
Suppose -7*o = -238 - 875. Suppose -649 + o = -5*k. What is the tens digit of k?
9
Let u = -2 + 6. Suppose -8 = u*y, 183 + 85 = 5*q + y. What is the tens digit of q?
5
Suppose 0 = -3*n + 293 + 301. What is the tens digit of n?
9
Suppose 2*p = -3*z + 10160, 17*p - 3*z + 15243 = 20*p. What is the tens digit of p?
8
Suppose 0 = 4*g + 6 - 14. Let c = -217 - -222. Suppose -c*m = -g*s - 42, -3*m + 5*m = 4*s + 4. What is the units digit of m?
0
Let c = 30 + -28. Suppose 0*t + 3*x - 56 = -t, 0 = t - c*x - 56. What is the units digit of t?
6
Let p be ((-2)/(-3))/(13/4134). Suppose -3*v + 4*m - 449 = 0, -v = 2*v + m + 439. Let i = p + v. What is the tens digit of i?
6
Suppose -233 = -x + 84. What is the units digit of x?
7
Suppose 74*q = 68*q + 6. What is the tens digit of 0/q + (-196)/(-7)?
2
Let q(x) = -x**3 + 28*x**2 - 18*x - 34. What is the tens digit of q(20)?
0
Suppose 0 = -a - 4*b - b + 669, 4*b + 2007 = 3*a. What is the units digit of a?
9
What is the units digit of (1 + 3)/8*(-1 - -9533)?
6
Suppose -3*w + 6884 = 4*m - 0*m, 9189 = 4*w - 5*m. What is the thousands digit of w?
2
Suppose v + 4*b = -8, -3*b - 15 = v + 2*v. Let f(t) = 4*t - 51. Let m be f(14). What is the units digit of (18/v)/(m/(-10))?
9
Let s = -245 + 254. Suppose 5*g = -25, -3*t + 85 = 2*t + g. Let m = t - s. What is the units digit of m?
9
Let n be (-3 + -209 + 1)*-1. Suppose -69 - n = -5*f. What is the units digit of f?
6
Let v be (1 - 2)*(2 - 5). Suppose -5*f + 6*u = 9*u - 2, 26 = -3*f + 5*u. What is the units digit of f*49*v/(-6)?
9
Let r(b) = -13*b + 285. What is the hundreds digit of r(-6)?
3
Let l(q) = -8*q - 10. Let z = 2 + -7. What is the tens digit of l(z)?
3
Let c(k) = k**3 - 11*k**2 + 7*k - 25. Let b be 6 + -5 + 4 + 4. Let x be 3*(165/b)/5. What is the tens digit of c(x)?
5
Let t = -13 + 23. Let f(r) = r - 13. Let n be f(t). What is the tens digit of (-58)/(-4) + n/2?
1
Suppose 24*t = -15*t + 97305. What is the thousands digit of t?
2
Let y = 10 - 16. Let g(m) = -m**3 - 6*m**2 - 4*m + 8. Let w be g(y). What is the tens digit of 1240/w + (-2)/(-8)?
3
What is the tens digit of ((-10)/(-12))/(65/117)*878?
1
Let i = -250 + 652. What is the units digit of i?
2
Let z = 7488 - 5210. What is the hundreds digit of z?
2
Let c = 2256 - 853. What is the tens digit of c?
0
Let d = -4 - 30. Let a = 58 + d. What is the tens digit of 452/a - (-2)/12?
1
Suppose -2*g + 5*a - 85 = -4*g, 5*g + a - 201 = 0. Let f be ((-30)/g)/((-1)/4). Suppose -f*p = 2*p - 90. What is the tens digit of p?
1
Let t(p) = -p**2 - 19*p + 4. Let z = -9 + 0. What is the units digit of t(z)?
4
Let f(t) = t**3 + 45*t**2 + 36*t + 226. What is the tens digit of f(-44)?
7
Let m be (315/(-6))/7*-30. What is the units digit of m - (10/(-2) + 7)?
3
Suppose 2*z + 2 = -3*s, -z - 2*s + 6 = 3*s. Let y(h) = -2*h**3 - 4*h**2 - h + 13. What is the units digit of y(z)?
1
Let h(v) = v**3 - 8*v**2 - v - 6. Let k be (2/4 + 1)*340/51. What is the units digit of h(k)?
4
Let i(k) = -2 - 87*k - 2 - 35*k + 2. Let n be i(1). Let s = -73 - n. What is the tens digit of s?
5
Let d = -1092 - -1831. What is the hundreds digit of d?
7
Suppose -5*v - 2142 = -12*v. Suppose -r - 5*g = -3*r + 204, 3*r - v = 2*g. What is the hundreds digit of r?
1
Suppose -4*l + 3*x = 46 + 306, 3*l + 5*x = -293. Let s = l - -168. What is the units digit of s?
7
Let b(j) = -j**2 - 4*j - 2. Let v be b(-5). Let h = 63 + v. What is the tens digit of h?
5
Let j(q) = 